 -3 + -2424?
-2430
In base 8, what is -4 - 2562?
-2566
In base 12, what is 1362 - 0?
1362
In base 16, what is 1 + -102?
-101
In base 11, what is 1 - 36?
-35
In base 12, what is -99 + 1b?
-7a
In base 14, what is -344 + -1?
-345
In base 12, what is 0 + -136?
-136
In base 15, what is -3e + 1?
-3d
In base 4, what is 0 + -12213?
-12213
In base 13, what is 115 + -4?
111
In base 3, what is 1110220 - -20?
1111010
In base 12, what is 3 + 8b?
92
In base 2, what is 100 - 100011?
-11111
In base 15, what is -c + e?
2
In base 10, what is 5 + 55?
60
In base 14, what is -141 + -2a?
-16b
In base 3, what is -221122 + -12?
-221211
In base 3, what is 122122 + 0?
122122
In base 2, what is 10100 - -101?
11001
In base 15, what is -3a - -8?
-32
In base 13, what is 16 - 0?
16
In base 14, what is -5 - 144?
-149
In base 11, what is -a8 - 59?
-156
In base 7, what is 1064 + 0?
1064
In base 4, what is 3 + 312?
321
In base 10, what is 4 - 1696?
-1692
In base 10, what is -1 + -7164?
-7165
In base 2, what is 11 + -101100?
-101001
In base 3, what is 0 - -21201?
21201
In base 6, what is 4 + 110?
114
In base 16, what is -4e - -1?
-4d
In base 3, what is 100 - 121?
-21
In base 8, what is -2426 - 15?
-2443
In base 13, what is -52 - 1?
-53
In base 5, what is 1 + -103?
-102
In base 6, what is -1 + 31?
30
In base 13, what is 102 + -3?
cc
In base 9, what is -1537 + 4?
-1533
In base 12, what is -4 + -4?
-8
In base 10, what is 64 + 16?
80
In base 7, what is 3 - -55?
61
In base 5, what is -123123 + 2?
-123121
In base 5, what is 4 + 32?
41
In base 12, what is 2 + 21?
23
In base 4, what is 3 + 1022?
1031
In base 6, what is 3135 - -5?
3144
In base 13, what is -425 + 4?
-421
In base 16, what is -22c - -1?
-22b
In base 15, what is -4 + 569?
565
In base 16, what is -ef - 2?
-f1
In base 11, what is 254 - 2?
252
In base 10, what is 7 - -597?
604
In base 2, what is 10110100 - 1000?
10101100
In base 16, what is 4 + -73?
-6f
In base 3, what is 112 + 1?
120
In base 16, what is 332 + -2?
330
In base 10, what is -2 - -49?
47
In base 5, what is 100004 + 10?
100014
In base 2, what is -11111101 - 1011?
-100001000
In base 9, what is -4 + -1836?
-1841
In base 13, what is 3c - 16?
26
In base 3, what is 2212 + -10?
2202
In base 16, what is -1 + 25c?
25b
In base 6, what is -231 + -13?
-244
In base 5, what is 10 - 10000?
-4440
In base 3, what is -2 + -20222?
-21001
In base 6, what is -1 - 1115?
-1120
In base 6, what is 12 + -2?
10
In base 8, what is -5 + -32?
-37
In base 9, what is -5 + 3?
-2
In base 2, what is -1 - 11000?
-11001
In base 6, what is 1111 - 4?
1103
In base 8, what is -3140 - -5?
-3133
In base 9, what is 5228 - -4?
5233
In base 2, what is -1100 - -101?
-111
In base 10, what is 0 + 393?
393
In base 6, what is -2 - 1320?
-1322
In base 15, what is -14 + -b?
-20
In base 7, what is 100 - 5?
62
In base 6, what is 345 + 4?
353
In base 3, what is 0 - 2100100?
-2100100
In base 8, what is -1 + -1554?
-1555
In base 5, what is -2141 + -1?
-2142
In base 13, what is -ac + -2?
-b1
In base 9, what is -1 + -405?
-406
In base 3, what is 0 - -22121?
22121
In base 10, what is 4 + 946?
950
In base 10, what is -39 + -6?
-45
In base 6, what is 15 - -530?
545
In base 4, what is 3 - 10103?
-10100
In base 4, what is -2130 + 11?
-2113
In base 6, what is 112 - -231?
343
In base 15, what is -a - 7?
-12
In base 10, what is 712 + 2?
714
In base 3, what is 100120 - -2?
100122
In base 12, what is 15 - -31?
46
In base 15, what is 674 - -2?
676
In base 12, what is -45 - 10?
-55
In base 16, what is 4 + 827?
82b
In base 12, what is -4 + 250b?
2507
In base 7, what is -555 + 3?
-552
In base 13, what is 41 - -2?
43
In base 3, what is -201022 + 112?
-200210
In base 7, what is -2 + 26?
24
In base 12, what is -1 - 22?
-23
In base 10, what is 14 - -8?
22
In base 13, what is -b7 + 1?
-b6
In base 3, what is -12101 - 2?
-12110
In base 13, what is -2b4 + 4?
-2b0
In base 2, what is -10101 + -101011?
-1000000
In base 4, what is -121223 - 2?
-121231
In base 8, what is -4 - -34?
30
In base 12, what is -5 - a52?
-a57
In base 4, what is 331011 - -10?
331021
In base 16, what is -37f + 4?
-37b
In base 15, what is 26 - -4?
2a
In base 11, what is -9 - 935?
-943
In base 6, what is 1 - -1?
2
In base 8, what is 5 - 2162?
-2155
In base 13, what is -4 - -2b?
27
In base 2, what is -110010001010 + -1?
-110010001011
In base 11, what is -17 + -6?
-22
In base 3, what is -1 + -1220?
-1221
In base 3, what is -100001121 + -11?
-100001202
In base 3, what is 0 - -122?
122
In base 14, what is 1144 - 3?
1141
In base 15, what is -32 + -d?
-40
In base 2, what is -101011 - 10000?
-111011
In base 11, what is 17 + a6?
112
In base 4, what is 331 + 13?
1010
In base 6, what is 14 + -111?
-53
In base 4, what is -1221 + 10?
-1211
In base 7, what is 2 + -12130?
-12125
In base 9, what is -5 - -516?
511
In base 5, what is 4 + 103302?
103311
In base 10, what is 59 + -274?
-215
In base 9, what is 4 - 3?
1
In base 8, what is -311 - 4?
-315
In base 15, what is 103 - 15?
dd
In base 6, what is -114 + 0?
-114
In base 8, what is -7 - 1105?
-1114
In base 2, what is 110001000 + 1?
110001001
In base 14, what is 130 + 2?
132
In base 2, what is 10001 - 101?
1100
In base 12, what is -4a - 104?
-152
In base 10, what is 0 + 206?
206
In base 11, what is -3 - -104?
101
In base 13, what is -13c + 2?
-13a
In base 14, what is 2 + 49?
4b
In base 6, what is -14 + -1011?
-1025
In base 3, what is 22 + 21220?
22012
In base 7, what is -214 + 1?
-213
In base 12, what is 3 + -536?
-533
In base 13, what is -31 - -1a?
-14
In base 12, what is 63 - -5?
68
In base 3, what is 0 - -11210201?
11210201
In base 8, what is 1711 - 5?
1704
In base 9, what is 1314 - -5?
1320
In base 5, what is 3 + -1301?
-1243
In base 3, what is 10 - 2020?
-2010
In base 7, what is 20 + -160?
-140
In base 9, what is -164 - -5?
-158
In base 14, what is -1 + 72?
71
In base 14, what is -329 + 5?
-324
In base 13, what is -4 + c?
8
In base 3, what is 20 - 1202220?
-1202200
In base 7, what is 5 - 40?
-32
In base 2, what is -101101 + 1000100?
10111
In base 12, what is 5372 - 4?
536a
In base 8, what is -4635 + 2?
-4633
In base 15, what is 171 - 3?
16d
In base 10, what is -211 + 7?
-204
In base 13, what is bcb + 1?
bcc
In base 9, what is 831 + 0?
831
In base 5, what is 22012 - 1?
22011
In base 5, what is -31 + -401?
-432
In base 5, what is 10 - -131212?
131222
In base 8, what is 264 - 25?
237
In base 7, what is -555 - -14?
-541
In base 9, what is 137 + 3?
141
In base 12, what is -2 + 3780?
377a
In base 8, what is 7 + 31?
40
In base 12, what is -2615 + -5?
-261a
In base 5, what is 0 - 12?
-12
In base 16, what is d9 - 6?
d3
In base 3, what is 12 - -11111?
11200
In base 6, what is 24 + -243?
-215
In base 6, what is -112 + -2?
-114
In base 11, what is -3 - 9?
-11
In base 13, what is -4 - 620?
-624
In base 11, what is -74 + 3?
-71
In base 5, what is -41 + 30?
-11
In base 5, what is -4 - -332?
323
In base 11, what is -221 - -3?
-219
In base 11, what is -3977 + 4?
-3973
In base 2, what is -1100 - -11101101?
11100001
In base 7, what is -1140 + -1?
-1141
In base 14, what is 8ad + -4?
8a9
In base 10, what is 355 - -4?
359
In base 4, what is 22321 - 3?
22312
In base 15, what is -117 + -2?
-119
In base 13, what is a628 - 2?
a626
In base 12, what is 2 + -23?
-21
In base 11, what is -3 + 0?
-3
In base 8, what is 151 - -115?
266
In base 8, what is 35 - -244?
301
In base 9, what is -22 + -545?
-567
In base 7, what is 304 - 6?
265
In base 6, what is -23 + 0?
-23
In base 10, what is -5 - 1173?
-1178
In base 16, what is 73 + -5?
6e
In base 7, what is 5 - -131?
136
In base 9, what is 52 - -6?
58
In base 12, what is -1 + 8a6?
8a5
In base 10, what is -29 - -9?
-20
In base 13, what is -4 + 57?
53
In base 9, what is 4 - 72?
-67
In base 7, what is 32 + 4?
36
In base 11, what is 196 - 17?
17a
In base 5, what is 14433 - -1?
14434
In base 8, what is -4 - -47?
43
In base 9, what is 28 - -6?
35
In base 9, what is 0 - -503?
503
In base 9, what is 8 - -1300?
1308
In base 8, what is 406 + -2?
404
In base 14, what is 29 + 16?
41
In base 12, what is -48 + -16?
-62
In base 6, what is -4122 - 1?
-4123
In base 10, what is 2 + -168?
-166
In base 4, what is 112 - 13312?
-13200
In base 15, what is -1a + 31?
16
In base 8, what is -660 + 0?
-660
In base 16, what is -13c - 3?
-13f
In base 1